= 0. Suppose 83 = 5*q + 2*f + 10, -n*f = -2*q + j. What is the units digit of q?
5
Let w be (-8)/(-8) - 6/(-6). Let i(a) = 38*a + 49. What is the tens digit of i(w)?
2
Suppose 0 = -4*c + 4*j + 128, 3*c - 3*j + 2*j = 104. Let v = -44 + c. Let t(g) = g**3 + 10*g**2 + 11*g - 7. What is the tens digit of t(v)?
3
Suppose 4*g - 9*g + 10 = 0, -3*g = -4*p + 10. Suppose q + 815 = -p*q. Let a = q - -250. What is the units digit of a?
7
Let i(d) = -d**2 + 1021*d - 4083. Let n be i(4). Let o(g) = -84*g**2 + g + 1. Let a be o(2). What is the units digit of (-10)/(-3)*a/n?
4
Let v = 482 + -488. What is the thousands digit of 11*(-952)/(-12)*v/(-4)?
1
Let v(b) be the second derivative of b**4/12 - 5*b**3/6 + 22*b**2 - 49*b + 2. Let n = -27 + 37. What is the units digit of v(n)?
4
Let c be (10/(-6))/5 + 3164/6. Let d be 2 + 2 + (c - 0). Suppose 5*x + 2*n = d, x - 2*n - 99 = -0*n. What is the units digit of x?
5
What is the thousands digit of 7 + (238564/57 - (-4)/6)?
4
Let t(n) = -7*n + 157. Suppose -3*f - 43 = -43. What is the hundreds digit of t(f)?
1
Suppose -3*t + 365 = -85. Let u = 89 + t. Suppose -u = -3*v + 133. What is the hundreds digit of v?
1
Let m be ((-1796)/(-6))/(((-96)/(-18))/(-8)). Let z = -328 - m. What is the tens digit of z?
2
Let q be 42573/161 + 3/(-7). Let s = q - -475. What is the tens digit of s?
3
Suppose z - 1 = 3, -z - 3611 = -5*f. Suppose 5*b = -3*x - f, 3*b + 104 = -4*x - 332. Let m = -33 - b. What is the hundreds digit of m?
1
Suppose 0 = -5*v - 5*i - 582 + 17062, -i = -3*v + 9900. Suppose 18*b + 95 = v. What is the units digit of b?
8
Let v(n) = 10*n**2 + 7*n + 4. Let z be v(6). Suppose -s + 0*s = 3*r - z, 3*r = -5*s + 1994. What is the units digit of s?
7
Let z = -73 + 73. Suppose -3*x + 356 - 92 = z. What is the units digit of 378/5 - (x/(-20) - -4)?
6
Let f = -6666 + 15305. What is the hundreds digit of f?
6
Suppose 0 = -2*p - l + 16764, -2*p - 2*l + 20436 = 3670. What is the tens digit of p?
8
Let r(z) = 564*z**2 - 52*z - 4. What is the units digit of r(-3)?
8
Let l = 318 - 315. Suppose 0 = 4*u + j - 430, 2*j + 325 = l*u + 4*j. What is the units digit of u?
7
Let y(k) = 13*k + 20. Let s be y(8). Let g = s + 399. What is the hundreds digit of g?
5
Let p be 3081/(-18) + 7/42. Suppose -3*t = -t + 132. Let l = t - p. What is the tens digit of l?
0
Let v(a) = 4*a**2 - 8*a - 270. What is the hundreds digit of v(31)?
3
Let s(n) = -3*n**3 - 15*n**2 - 37*n + 54. What is the ten thousands digit of s(-17)?
1
Suppose -18 = -3*h - 6. Let b(y) = 2*y**2 + 34*y - 170. Let k be b(4). What is the units digit of (h + 3)/((-3)/78*k)?
1
Suppose -2*r + 1248 + 26 = 0. Let q = r + 228. What is the tens digit of q?
6
Let r(s) = 9*s**2 + 5*s + 4. Let f be r(-2). Suppose 0 = p - 7*p - f. What is the units digit of ((-48)/p - 6)/((-3)/(-50))?
0
Let c(a) = a**3 + 12*a**2 - 11*a + 31. Let k be c(-13). Let m be k + -3 + 1 + -85. Let r = m + 311. What is the units digit of r?
9
Let n(k) = -3*k - 18. Let j be n(-8). Let b be (12/16)/(j/16). Suppose -5*x = b*x - 420. What is the tens digit of x?
6
Let o be -4 + (12428/10 - (-8)/(-10)). Let p = 2746 - o. What is the tens digit of p?
0
Let d(o) = 4*o**3 + o**2 + o + 12. Let h = -90 + 94. Let v be d(h). Suppose -3*w = 4*p + p - v, w = 5*p - 304. What is the units digit of p?
0
Let g(n) = -15*n + 13*n - 206 + 28*n + 20*n. What is the hundreds digit of g(8)?
1
Suppose 0 = -12*f + 39*f - 21681. What is the units digit of f?
3
Suppose 2*w - 6 = -5*y, -5*w + 7*y = 5*y - 15. Suppose -7*p + 2631 = -4*p + w*t, t - 5 = 0. What is the hundreds digit of p?
8
Suppose -14718 = 4*b - 5*q - 96632, -5*b + 102448 = 3*q. What is the units digit of b?
6
Suppose s - 3*n - 2938 = 0, 0 = -7*n + 4*n - 15. What is the tens digit of s?
2
Suppose 10*a - 15*a = -8*a + 29778. What is the hundreds digit of a?
9
Let g(a) = a**3 + 15*a**2 + 12*a + 24. Let o be (-228)/54 - -4 - 88/9. What is the units digit of g(o)?
4
Suppose -6*d + 51156 = 6*d + 14568. What is the tens digit of d?
4
Suppose 851*v + 419724 = 887*v. What is the units digit of v?
9
What is the units digit of 3 + (-4 - (8 + -13)) - -2874?
8
Let b = 15 + -26. Let y(w) = -w**3 + w. Let q(r) = 2*r**3 - 11*r**2 - 11*r - 14. Let x(t) = q(t) + 3*y(t). What is the units digit of x(b)?
4
Suppose 23*z - 514415 = 8*z - 40*z. What is the tens digit of z?
5
Let s(w) = 3419*w + 928. What is the thousands digit of s(5)?
8
Let k = 68083 + -32761. What is the hundreds digit of k?
3
Suppose 2*c - 2*d - 3 = 145, c - 2*d = 74. Let p = c - 111. Let n = p + 54. What is the tens digit of n?
1
Suppose 200*h - 108*h + 485130 = 102*h. What is the ten thousands digit of h?
4
Let b = 123 + -120. Suppose 0 = -b*q + 116 - 8. What is the units digit of q?
6
Let i = -43599 + 67990. What is the thousands digit of i?
4
Let t(h) = -11*h**3 - 12*h**2 + 124*h + 38. What is the hundreds digit of t(-13)?
5
Let n(p) = p**3 + 13*p**2 + 13*p + 21. Let q be n(-12). Let s(j) = 112*j + 31. What is the hundreds digit of s(q)?
0
Let y = -6508 - -28208. What is the ten thousands digit of y?
2
Let q = 4390 + 1139. What is the units digit of q?
9
What is the thousands digit of (-349300)/30*13/((-130)/30)?
4
Let p = -8 - -7. Let r be p/(-2) + (-8001)/(-14). Let d = r + -372. What is the hundreds digit of d?
2
Let r = 41929 + -28008. What is the thousands digit of r?
3
Let y(n) = n**2 - 2*n - 18. Suppose -7*v = -4*v + 4*b + 13, -v = 4*b + 7. Let m be y(v). Let h(w) = 4*w**2 - 2*w - 5. What is the tens digit of h(m)?
3
Suppose 3*n = 12, -s + 5*n = -3 - 102. What is the tens digit of s?
2
Let q(k) = -k**2 + 282*k + 62. What is the tens digit of q(114)?
1
Suppose 4*x = a + 21, -4*x - 2*a + 8 = 2. Suppose 2*o - 226 = -2*y, 3*o - 344 = x*y - 6*y. What is the units digit of o?
8
Let s = -23 + 23. Suppose s = -w + 3*w - 2. What is the units digit of (-2)/(((-2)/11)/w)?
1
Let x be (0 - 5)*(-7)/(-1). Let s = -32 - x. What is the tens digit of (s/6)/((-5)/(-850))?
8
Let m = -19331 + 68725. What is the units digit of m?
4
What is the hundreds digit of -8 - 4/(1*26/(-465309))?
5
Let j(y) = 27*y**2 - 4*y - 406. What is the units digit of j(-18)?
4
Suppose -2 = -6*u - 2. Suppose o + u*o - 2 = 0. What is the tens digit of (-117)/(o - (-33)/(-12))?
5
Let n(q) = q**2 - q**3 + 0*q**3 - 306*q + 4 + 307*q. What is the units digit of n(2)?
2
Let i be -2 - 11746/(-49) - (-4)/14. Suppose 351 + 131 = 4*u - 5*n, -2*u = -n - i. Let m = 154 - u. What is the units digit of m?
6
Let f be ((-8)/10)/((-106)/7155). Let i = f + 278. What is the hundreds digit of i?
3
Let q(o) be the first derivative of -13*o**2/2 - 4*o - 21. Let l be q(2). Let c = 52 + l. What is the tens digit of c?
2
Suppose u - 4*i - 4196 = 5299, -3*i + 6 = 0. What is the units digit of u?
3
Suppose -42*g = -30*g - 33564. What is the thousands digit of g?
2
Let b(n) = 7*n - 21. Let m be b(3). Let y be (25/(-5) + m)*7/(-5). Let j(a) = -a**2 + 12*a - 2. What is the units digit of j(y)?
3
Let g = -7862 + 9768. What is the thousands digit of g?
1
Suppose 16*l - 4*l - 29*l = -210919. What is the hundreds digit of l?
4
Let j = 59386 + -33115. What is the units digit of j?
1
Suppose 2*o + 5*d + 3397 - 1355 = 0, -d = -3*o - 3097. Let k = -685 - o. What is the tens digit of k?
4
Suppose 5*a + 6*a = 37449 + 36823. What is the tens digit of a?
5
Let x be 22/(-4)*19/((-38)/60). Let h = x - 123. What is the units digit of h?
2
Let k = 3917 - -4437. What is the tens digit of k?
5
Let a(m) = 263*m**2 - 117*m - 16. What is the thousands digit of a(-8)?
7
Suppose 24*w - 14*w = 230. Suppose 0 = -12*b + w*b. Suppose 0 = 5*n - b*n - 115. What is the tens digit of n?
2
Let d(p) = -p**3 - 4*p**2 - 4*p - 1. Let i be d(-1). Suppose -10*v - 198 + 78 = i. Let h = v - -114. What is the hundreds digit of h?
1
Let m be 4742/10 + (-2 + 9)/(-35). Let j = m - 261. What is the units digit of j?
3
Let v be 2/14 + (-10161)/(-21). Suppose -v - 2060 = 4*q. Let w = -416 - q. What is the hundreds digit of w?
2
Suppose 5*j - 2*j - 16221 = -5979. What is the units digit of j?
4
Suppose 13*y - 17*y = -7556. What is the thousands digit of y?
1
Let z(y) = 35*y - 108. Let d = 441 + -425. What is the tens digit of z(d)?
5
Suppose -90*k - 524902 + 1272802 = 0. What is the units digit of k?
0
Let r = -127 + 127. Suppose 6*p = -r*p +